r of 35 and 203.
7
What is the highest common factor of 500 and 2690?
10
What is the highest common divisor of 183 and 3?
3
What is the highest common divisor of 44 and 5588?
44
What is the highest common factor of 48 and 368?
16
What is the highest common factor of 295 and 1357?
59
Calculate the highest common factor of 57 and 247.
19
What is the highest common divisor of 1284 and 84?
12
What is the greatest common factor of 51 and 24?
3
What is the highest common factor of 112 and 7434?
14
What is the greatest common divisor of 429 and 825?
33
What is the highest common factor of 1265 and 275?
55
Calculate the greatest common factor of 56 and 16.
8
Calculate the highest common factor of 492 and 2132.
164
Calculate the highest common divisor of 735 and 45.
15
What is the highest common divisor of 128 and 32?
32
What is the highest common divisor of 53 and 583?
53
What is the highest common factor of 74 and 5143?
37
Calculate the highest common divisor of 876 and 30.
6
What is the greatest common divisor of 7 and 189?
7
Calculate the greatest common divisor of 10 and 15350.
10
Calculate the greatest common divisor of 260 and 208.
52
What is the greatest common divisor of 1025 and 25?
25
Calculate the greatest common divisor of 5 and 755.
5
Calculate the highest common factor of 8 and 5284.
4
Calculate the highest common factor of 242 and 11220.
22
Calculate the greatest common divisor of 256 and 56.
8
What is the greatest common divisor of 1888 and 118?
118
Calculate the highest common factor of 90 and 660.
30
Calculate the highest common divisor of 99 and 369.
9
What is the highest common factor of 2274 and 6?
6
What is the highest common divisor of 988 and 169?
13
What is the highest common factor of 297 and 3069?
99
What is the highest common divisor of 90 and 50?
10
What is the highest common divisor of 90 and 144?
18
What is the greatest common divisor of 142 and 2?
2
What is the greatest common divisor of 63 and 217?
7
What is the greatest common factor of 50 and 110?
10
What is the greatest common divisor of 16 and 17872?
16
What is the greatest common factor of 3048 and 120?
24
What is the highest common divisor of 91 and 351?
13
Calculate the highest common divisor of 232 and 145.
29
Calculate the greatest common divisor of 1955 and 115.
115
What is the greatest common divisor of 323 and 17?
17
Calculate the greatest common factor of 184 and 322.
46
What is the highest common factor of 8 and 596?
4
What is the highest common divisor of 66 and 6?
6
What is the greatest common factor of 160 and 1184?
32
Calculate the highest common factor of 688 and 43.
43
Calculate the highest common divisor of 464 and 16.
16
What is the greatest common factor of 705 and 30?
15
What is the highest common factor of 91 and 39?
13
Calculate the highest common factor of 315 and 45.
45
What is the greatest common divisor of 20 and 380?
20
Calculate the greatest common divisor of 32 and 48.
16
Calculate the highest common divisor of 127 and 12.
1
What is the greatest common factor of 1550 and 62?
62
What is the highest common divisor of 1075 and 1935?
215
Calculate the greatest common factor of 4081 and 231.
77
What is the greatest common divisor of 15 and 615?
15
What is the greatest common factor of 38 and 57?
19
What is the highest common divisor of 15397 and 865?
173
Calculate the greatest common divisor of 40 and 120.
40
What is the highest common divisor of 54 and 1449?
9
Calculate the highest common divisor of 9 and 3.
3
Calculate the highest common divisor of 4260 and 480.
60
Calculate the highest common divisor of 48 and 336.
48
What is the highest common factor of 79 and 158?
79
Calculate the greatest common factor of 20 and 3790.
10
Calculate the greatest common divisor of 5 and 45.
5
What is the highest common divisor of 20 and 190?
10
What is the greatest common factor of 169 and 3?
1
What is the greatest common factor of 236 and 9558?
118
Calculate the greatest common factor of 42 and 1638.
42
What is the highest common factor of 1050 and 21?
21
What is the greatest common divisor of 41 and 39811?
41
Calculate the greatest common divisor of 98 and 147.
49
What is the highest common factor of 329 and 94?
47
What is the highest common factor of 95 and 3040?
95
Calculate the highest common divisor of 7 and 35.
7
What is the highest common divisor of 138 and 276?
138
What is the greatest common factor of 4 and 181?
1
Calculate the greatest common factor of 25 and 165.
5
Calculate the highest common divisor of 1 and 23.
1
Calculate the highest common factor of 96 and 1280.
32
What is the greatest common factor of 2228 and 4?
4
Calculate the greatest common factor of 7185 and 15.
15
What is the greatest common divisor of 38 and 8?
2
What is the highest common divisor of 123 and 90897?
123
What is the highest common divisor of 2124 and 36?
36
What is the greatest common divisor of 9 and 12?
3
Calculate the greatest common factor of 190 and 20.
10
Calculate the highest common divisor of 2211 and 264.
33
What is the greatest common factor of 106 and 4399?
53
What is the highest common factor of 22 and 1474?
22
What is the highest common factor of 44 and 52?
4
Calculate the greatest common factor of 147 and 245.
49
What is the greatest common factor of 767 and 65?
13
Calculate the greatest common factor of 1485 and 396.
99
Calculate the greatest common factor of 3321 and 162.
81
Calculate the highest common factor of 284 and 8.
4
What is the greatest common factor of 56 and 2968?
56
Calculate the highest common divisor of 854 and 732.
122
What is the greatest common divisor of 1580 and 80?
20
What is the greatest common factor of 5814 and 9?
9
What is the highest common divisor of 220 and 22?
22
What is the highest common divisor of 378 and 357?
21
What is the highest common divisor of 148 and 185?
37
Calculate the highest common divisor of 140 and 14.
14
What is the greatest common factor of 84 and 4?
4
What is the greatest common factor of 146 and 219?
73
Calculate the greatest common divisor of 2208 and 46.
46
What is the greatest common divisor of 39 and 3237?
39
Calculate the highest common divisor of 83 and 5644.
83
What is the highest common factor of 1 and 83?
1
Calculate the greatest common factor of 72 and 2934.
18
What is the highest common factor of 850 and 350?
50
What is the highest common factor of 72 and 88?
8
Calculate the greatest common divisor of 1377 and 85.
17
Calculate the greatest common divisor of 4825 and 25.
25
What is the highest common divisor of 8 and 8?
8
What is the greatest common divisor of 7 and 1141?
7
Calculate the highest common divisor of 24906 and 126.
42
What is the greatest common divisor of 150 and 3075?
75
What is the greatest common factor of 60 and 470?
10
What is the highest common factor of 7 and 1155?
7
Calculate the highest common factor of 918 and 135.
27
What is the greatest common factor of 810 and 90?
90
Calculate the highest common divisor of 132 and 825.
33
What is the greatest common factor of 60 and 2560?
20
Calculate the highest common divisor of 1105 and 1885.
65
What is the highest common factor of 7 and 1393?
7
Calculate the highest common divisor of 6976 and 144.
16
Calculate the highest common divisor of 498 and 6.
6
Calculate the greatest common divisor of 30204 and 36.
36
What is the greatest common divisor of 250 and 100?
50
What is the highest common factor of 100 and 20?
20
Calculate the highest common divisor of 208 and 1664.
208
What is the highest common divisor of 117 and 195?
39
What is the highest common factor of 16690 and 30?
10
Calculate the highest common factor of 1158 and 48.
6
What is the highest common divisor of 231 and 63?
21
Calculate the greatest common divisor of 470 and 5734.
94
What is the greatest common divisor of 1335 and 15?
15
What is the greatest common divisor of 850 and 3230?
170
What is the greatest common divisor of 18160 and 20?
20
Calculate the highest common divisor of 2 and 244.
2
What is the greatest common divisor of 1566 and 348?
174
What is the highest common divisor of 3162 and 102?
102
What is the highest common divisor of 2852 and 1748?
92
Calculate the greatest common divisor of 437 and 76.
19
What is the highest common divisor of 352 and 